
2, 13, 43
Let v = 326 - 330. List the prime factors of v*(-15)/20 - -59.
2, 31
Let z = -139 + 138. What are the prime factors of (11484/(-58))/(-3 - z)?
3, 11
Let f(w) = -9*w + 90. Let y be f(4). List the prime factors of 5396/y + 2/27.
2, 5
Let c be (-15 - -35)/(-3 + 1). Let d be (45/c)/((-4)/16). Let a(f) = -f**3 + 19*f**2 - 14*f - 24. List the prime factors of a(d).
2, 3
Let f(y) = 74*y**3 + 2*y**2 - 2*y + 1. Suppose -3*o = -2*i - 4 + 5, 2*i = 2*o. Let j be 1 + -2 + (-2)/i. List the prime factors of f(j).
3, 5
Let l(i) = -i + 1. Let f be l(-1). Let x be ((15/(-4))/3)/(395/(-632)). Suppose 0 = x*y + f, 2*v + 2*v + y = 655. List the prime factors of v.
2, 41
Let f(r) be the first derivative of 39*r**2/2 - 59*r - 179. List the prime factors of f(6).
5, 7
Suppose 88561 + 515386 - 9515 = 18*v. What are the prime factors of v?
2, 3, 43
Suppose -4*s = 13*f - 10*f + 1669, 0 = -3*f + 3*s - 1704. Let d = 581 - f. What are the prime factors of d?
2, 11, 13
Let u = -10275 - -17539. Suppose -10*h = 47584 - u. List the prime factors of h/(-30) + 5 - (-2)/(-5).
139
What are the prime factors of (-39)/(-52)*(2/3)/(-1)*-127058?
17, 37, 101
Suppose 0 = -7*o + 19*o - 24. Suppose -g = o*a - 23, -17*g + 84 = -14*g + 3*a. What are the prime factors of g?
3, 11
Let b be -3*(8 + -11)/(-1 + -2). What are the prime factors of 2/6*(b - -669)?
2, 3, 37
Let d = 29 + -25. Suppose 0 = -2*m - 4*a + 52, -a = -m - d*m + 163. Suppose -c = 4*v - 0*c - 137, -c + m = v. List the prime factors of v.
5, 7
Let d be ((-2294)/4)/((-2)/20). Suppose 0 = 6*x + 31*x - d. List the prime factors of x.
5, 31
Suppose 3*x = -x + 40. Suppose 5*u - 5*c + x - 20 = 0, -3*u + 2*c = -3. List the prime factors of 223 + (2 - -2)*u.
3, 73
Suppose -240*q + 253*q = 22399. What are the prime factors of q?
1723
Let j(w) = 3*w**3 - 18*w**2 + 24*w + 32. List the prime factors of j(16).
2, 11, 23
Suppose 2*w = -3*j + 13 + 2, 6 = 3*w - j. What are the prime factors of 2560/36 - w/27?
71
Let a = -356 - 94. Suppose -2*r - 559 - 765 = 0. Let t = a - r. List the prime factors of t.
2, 53
Suppose 3*s - 2*g - 14048 = 18513, 4*s = 4*g + 43412. What are the prime factors of s?
5, 13, 167
What are the prime factors of 60/(-50)*10 + 10600?
2, 2647
Suppose 5*o - 396 = 4. Let t be (0 - 5)/(159/o + -2). Suppose 4*x + 0*x = t. What are the prime factors of x?
2, 5
Let t be 1/((-3)/(-3)) + 19. Suppose -195 = -0*d - d. Let y = d - t. What are the prime factors of y?
5, 7
Let s = -220 + 225. Suppose 4*j = s*j - 638. List the prime factors of j.
2, 11, 29
Suppose 4*a + 356432 = 41*a - 177885. What are the prime factors of a?
7, 2063
Let a be 38068/(-20) + 14/35. Let j = a - -2897. Suppose -14*n + 21*n - j = 0. List the prime factors of n.
2, 71
List the prime factors of 57*43*(-12)/(-18).
2, 19, 43
Let b = -1439 + 2074. Suppose 0 = 2*h - 3*n + 254, 0*h + b = -5*h + n. Let y = -60 - h. What are the prime factors of y?
67
Suppose -203*z + 160056 = -185*z. What are the prime factors of z?
2, 3, 13, 19
Let n(f) = -1223*f - 185. Let o be n(-7). Suppose 15*s - 3099 - o = 0. List the prime factors of s.
3, 5, 17
Let l(z) = -75*z**3 - 2*z**2 - z. Let k be l(-1). Suppose 5*s + k = 3*a, 2*a + 2*s + 22 = 66. Let v = 114 - a. List the prime factors of v.
7, 13
Let r be -1*(-12 + 2) - -4. Suppose -3*u - u + 3*f - 48 = 0, 2*u = -f - r. List the prime factors of (-4)/2*-19*(-18)/u.
2, 19
Let y(o) = -3*o**2 - 28*o + 20. Let r be y(-10). Suppose 170*b - 173*b + 378 = r. List the prime factors of b.
2, 3, 7
Let i(n) be the first derivative of 29*n**2/2 + 42*n + 77. What are the prime factors of i(11)?
19
Let k(p) = p**3 + 21*p**2 - 45*p - 40. Let a be k(-23). What are the prime factors of (9/(-42) + 18/a)*-494?
13, 19
Suppose 45 = 5*t + 3*a, -18*t + 22*t - 3*a - 9 = 0. What are the prime factors of 2/t*2309 - 10/15?
769
Let d = -17357 + 27701. What are the prime factors of d?
2, 3, 431
Suppose -5*r = 2*h + 231, 0 = -3*h + r - 5*r - 350. Let v = h - 181. Let t = -213 - v. What are the prime factors of t?
2, 43
Suppose -5*o - 4*n = -37993, -5*o - 2*n = 13095 - 51084. List the prime factors of o.
71, 107
Suppose -i + 52*r - 47*r + 3684 = 0, -3*r = -6*i + 21996. What are the prime factors of i?
2, 229
What are the prime factors of 6 - (-2 + 3/4)*900060/21?
11, 4871
Let r(u) = 19*u**2 - 14*u - 161. What are the prime factors of r(36)?
13, 19, 97
Let x(h) = h**3 - 13*h**2 + 19*h + 57. What are the prime factors of x(15)?
2, 3, 11
Let n(d) = -d**3 - 75*d**2 - 248*d + 2. What are the prime factors of n(-79)?
2, 22279
Let g(x) = x**3 + 3*x**2 - 3*x - 5. Let z be g(-3). Suppose -5*k + z*k - 2 = 0. Let r(w) = 12*w**2 + 3*w + 1. List the prime factors of r(k).
43
Suppose 2*q = l + 4*q, -2*l - 15 = q. Let p(m) = 10*m**2 + 20*m - 35. List the prime factors of p(l).
3, 5, 17
Suppose -2*c + 5*c + 2*l = 27, 3*l - 30 = -3*c. Let a(k) = 96*k - 7. List the prime factors of a(c).
5, 7, 19
Let d be ((-11 + 12)*4)/((-1)/(-1)). Let k(i) = 62*i**2 - 14*i + 9. List the prime factors of k(d).
3, 5, 7
Suppose 26*l = 24*l - 22. Let c = -8 - l. Let h(r) = 8*r**3 - 9*r**2 + 4*r - 3. List the prime factors of h(c).
2, 3
Let g = 4443 + 1839. List the prime factors of g.
2, 3, 349
Let h = 35696 - 3790. What are the prime factors of h?
2, 7, 43, 53
Let m = 75620 + -29385. List the prime factors of m.
5, 7, 1321
Let v be (-11)/3 + 14/21. What are the prime factors of (-1)/((-3)/(-18804)*(-7 - v))?
1567
Suppose 0 = -4*d + 24351 + 6273. List the prime factors of d.
2, 3, 11, 29
Let y be (-5 - -23)*1*573/9. Suppose -1244 - 2230 = -3*a + 3*n, -a + 4*n = -y. List the prime factors of a.
2, 7, 83
Suppose -z = 3*l - 257, 0*l + 4*l = -20. Let h be ((-4)/(-4) + 0)/((-1)/z). Let o = -159 - h. What are the prime factors of o?
113
Let p(y) = 40*y - 239. Let g be p(6). List the prime factors of (73*(g - -2))/(4/4).
3, 73
What are the prime factors of 4/(-3)*29613*(-6)/24?
9871
Let k be 4 + -4 + 0/(-2). Suppose k = 13*n - 1900 - 1402. List the prime factors of n.
2, 127
Suppose 5*o + s = 24, -4*s + 0*s = -2*o - 8. Suppose 45 = d + o*d. Let u = 123 - d. List the prime factors of u.
2, 3, 19
Let g = 628 - 579. What are the prime factors of 2*g/(-14) - -386?
379
Let j be (-1)/((-3)/4) + 2/3. Suppose j*h - 5*r = 516 + 294, 4*h + r = 1598. What are the prime factors of h?
2, 5
Let s = -277 + 571. Suppose -3*w + s = -4*d, 4*d + 43 = 5*w - 447. What are the prime factors of w?
2, 7
Suppose -z = -10*m + 8*m - 1166, -1166 = -z - 2*m. Let y = z + -581. List the prime factors of y.
3, 5, 13
Let u(t) = t**3 - 6*t**2 - 2*t + 5. Let b(y) = 7*y + 12. Let v be b(4). Suppose -10*i + 5*i + v = 0. What are the prime factors of u(i)?
3, 13
Let o(z) = -1249*z + 3966. List the prime factors of o(-19).
27697
Suppose 4*f = -0*f. Suppose -4*y - 5*x = -0*y + 4, y + 2*x + 4 = f. Suppose y*o + 0*o = 5*p + 173, 0 = -o + 3*p + 38. What are the prime factors of o?
47
Let w(g) = 3*g**2 + 12*g + 26. Let q(x) = -x**3 + 8*x**2 - 11*x - 21. Let m be q(6). List the prime factors of w(m).
521
Let j be (1/(-3))/(53/(-954)). Let c(g) = 3*g**3 + 6*g**2 - 5*g - 11. What are the prime factors of c(j)?
823
Suppose -29239 = -3*k + 2*c, -3*k - 722*c + 29249 = -714*c. List the prime factors of k.
3, 19
List the prime factors of 1*-10 + 55*13228/20.
41, 887
Let g(r) = 5*r**2 + 8*r - 17. Suppose 2*p - 2*i = 126, 2*i = 4*p + 5*i - 245. Let l = 57 - p. List the prime factors of g(l).
2, 17
What are the prime factors of 15316 - (129/(-27) + (-8)/36)?
3, 5107
Let y(k) = k**3 - 16*k**2 + 4. Let n be y(15). Let u = 383 + n. What are the prime factors of u?
2, 3
Let x = -10541 + 20763. List the prime factors of x.
2, 19, 269
Suppose 0 = -11*d - 6247 + 15217 + 28540. What are the prime factors of d?
2, 5, 11, 31
Suppose -12*k - 98 = -19*k. Suppose 12*w = k*w - 1378. What are the prime factors of w?
13, 53
Suppose 0 = 5*u + m + 755, 24*m - 20*m + 770 = -5*u. What are the prime factors of u/90 + (-5452)/(-6)?
907
Suppose 0 = 8*q - 3*q - 25. Suppose -29*u + 3*k = -32*u, 5*u + 3*k = 0. Suppose m - 3 = u, q*m = -s - 0*s + 185. What are the prime factors of s?
2, 5, 17
Suppose -3*o + 13 = -4*o + 4*u, 2*o - 2*u = 4. Suppose 133 = -o*b + 581. Suppose -4*f = -2*d + b, -d + 32 = 2*f + f. What are the prime factors of d?
2
Let z(a) = 2*a**3 - 10*a**2 + 